{"id":16867,"date":"2026-01-23T10:32:56","date_gmt":"2026-01-23T15:32:56","guid":{"rendered":"https:\/\/sandovalmotors.com\/?post_type=product&#038;p=16867"},"modified":"2026-01-23T10:38:00","modified_gmt":"2026-01-23T15:38:00","slug":"hella-exploradoras-maxim","status":"publish","type":"product","link":"https:\/\/sandovalmotors.com\/?product=hella-exploradoras-maxim","title":{"rendered":"HELLA EXPLORADORAS MAXIM"},"content":{"rendered":"<p>Exploradoras bicolor marca Hella tama\u00f1o 2.7 pulgadas consumo 40 W flujo luminoso de 4.500 l\u00famenes funci\u00f3n bicolor compatible con EZCAN compatible con dimmer haz de luz de expansi\u00f3n resistencia al agua IP68 incluye kit de soportes no incluye kit de filtros ideal para uso mixto en ciudad garant\u00eda de 12 meses<\/p>\n","protected":false},"excerpt":{"rendered":"<p>Sistema de iluminaci\u00f3n auxiliar Hella con funci\u00f3n bicolor y cuerpo compacto de 2.7 pulgadas desarrollado para brindar mayor visibilidad en conducci\u00f3n urbana ofrece 4.500 l\u00famenes de intensidad con consumo eficiente de 40 W es compatible con sistemas EZCAN y control<\/p>\n","protected":false},"featured_media":16879,"comment_status":"closed","ping_status":"closed","template":"","meta":[],"product_brand":[111],"product_cat":[93],"product_tag":[],"class_list":{"0":"post-16867","1":"product","2":"type-product","3":"status-publish","4":"has-post-thumbnail","6":"product_brand-sandoval-motors","7":"product_cat-exploradora-gama-media","9":"first","10":"instock","11":"shipping-taxable","12":"purchasable","13":"product-type-simple"},"jetpack_sharing_enabled":true,"_links":{"self":[{"href":"https:\/\/sandovalmotors.com\/index.php?rest_route=\/wp\/v2\/product\/16867","targetHints":{"allow":["GET"]}}],"collection":[{"href":"https:\/\/sandovalmotors.com\/index.php?rest_route=\/wp\/v2\/product"}],"about":[{"href":"https:\/\/sandovalmotors.com\/index.php?rest_route=\/wp\/v2\/types\/product"}],"replies":[{"embeddable":true,"href":"https:\/\/sandovalmotors.com\/index.php?rest_route=%2Fwp%2Fv2%2Fcomments&post=16867"}],"version-history":[{"count":1,"href":"https:\/\/sandovalmotors.com\/index.php?rest_route=\/wp\/v2\/product\/16867\/revisions"}],"predecessor-version":[{"id":16871,"href":"https:\/\/sandovalmotors.com\/index.php?rest_route=\/wp\/v2\/product\/16867\/revisions\/16871"}],"wp:featuredmedia":[{"embeddable":true,"href":"https:\/\/sandovalmotors.com\/index.php?rest_route=\/wp\/v2\/media\/16879"}],"wp:attachment":[{"href":"https:\/\/sandovalmotors.com\/index.php?rest_route=%2Fwp%2Fv2%2Fmedia&parent=16867"}],"wp:term":[{"taxonomy":"product_brand","embeddable":true,"href":"https:\/\/sandovalmotors.com\/index.php?rest_route=%2Fwp%2Fv2%2Fproduct_brand&post=16867"},{"taxonomy":"product_cat","embeddable":true,"href":"https:\/\/sandovalmotors.com\/index.php?rest_route=%2Fwp%2Fv2%2Fproduct_cat&post=16867"},{"taxonomy":"product_tag","embeddable":true,"href":"https:\/\/sandovalmotors.com\/index.php?rest_route=%2Fwp%2Fv2%2Fproduct_tag&post=16867"}],"curies":[{"name":"wp","href":"https:\/\/api.w.org\/{rel}","templated":true}]}}