{"id":16169,"date":"2025-11-18T05:28:57","date_gmt":"2025-11-18T10:28:57","guid":{"rendered":"https:\/\/sandovalmotors.com\/?post_type=product&#038;p=16169"},"modified":"2025-11-18T05:29:04","modified_gmt":"2025-11-18T10:29:04","slug":"cargador-manubrio","status":"publish","type":"product","link":"https:\/\/sandovalmotors.com\/?product=cargador-manubrio","title":{"rendered":"CARGADOR MANUBRIO"},"content":{"rendered":"<p>Cargador con dise\u00f1o circular para instalaci\u00f3n directa en el manubrio, ideal para mantener tus dispositivos siempre cargados. Cuenta con puertos USB y Tipo C, ofreciendo carga r\u00e1pida y acceso c\u00f3modo durante la conducci\u00f3n.<\/p>\n","protected":false},"excerpt":{"rendered":"<p>Cargador con dise\u00f1o circular para manubrio con puerto C y USB<\/p>\n","protected":false},"featured_media":16135,"comment_status":"closed","ping_status":"closed","template":"","meta":[],"product_brand":[111],"product_cat":[96],"product_tag":[],"class_list":{"0":"post-16169","1":"product","2":"type-product","3":"status-publish","4":"has-post-thumbnail","6":"product_brand-sandoval-motors","7":"product_cat-cargador","9":"first","10":"instock","11":"shipping-taxable","12":"purchasable","13":"product-type-simple"},"jetpack_sharing_enabled":true,"_links":{"self":[{"href":"https:\/\/sandovalmotors.com\/index.php?rest_route=\/wp\/v2\/product\/16169","targetHints":{"allow":["GET"]}}],"collection":[{"href":"https:\/\/sandovalmotors.com\/index.php?rest_route=\/wp\/v2\/product"}],"about":[{"href":"https:\/\/sandovalmotors.com\/index.php?rest_route=\/wp\/v2\/types\/product"}],"replies":[{"embeddable":true,"href":"https:\/\/sandovalmotors.com\/index.php?rest_route=%2Fwp%2Fv2%2Fcomments&post=16169"}],"version-history":[{"count":1,"href":"https:\/\/sandovalmotors.com\/index.php?rest_route=\/wp\/v2\/product\/16169\/revisions"}],"predecessor-version":[{"id":16196,"href":"https:\/\/sandovalmotors.com\/index.php?rest_route=\/wp\/v2\/product\/16169\/revisions\/16196"}],"wp:featuredmedia":[{"embeddable":true,"href":"https:\/\/sandovalmotors.com\/index.php?rest_route=\/wp\/v2\/media\/16135"}],"wp:attachment":[{"href":"https:\/\/sandovalmotors.com\/index.php?rest_route=%2Fwp%2Fv2%2Fmedia&parent=16169"}],"wp:term":[{"taxonomy":"product_brand","embeddable":true,"href":"https:\/\/sandovalmotors.com\/index.php?rest_route=%2Fwp%2Fv2%2Fproduct_brand&post=16169"},{"taxonomy":"product_cat","embeddable":true,"href":"https:\/\/sandovalmotors.com\/index.php?rest_route=%2Fwp%2Fv2%2Fproduct_cat&post=16169"},{"taxonomy":"product_tag","embeddable":true,"href":"https:\/\/sandovalmotors.com\/index.php?rest_route=%2Fwp%2Fv2%2Fproduct_tag&post=16169"}],"curies":[{"name":"wp","href":"https:\/\/api.w.org\/{rel}","templated":true}]}}