{"id":16156,"date":"2025-11-18T05:28:56","date_gmt":"2025-11-18T10:28:56","guid":{"rendered":"https:\/\/sandovalmotors.com\/?post_type=product&#038;p=16156"},"modified":"2025-11-18T05:29:01","modified_gmt":"2025-11-18T10:29:01","slug":"cornetas-hella","status":"publish","type":"product","link":"https:\/\/sandovalmotors.com\/?product=cornetas-hella","title":{"rendered":"CORNETAS HELLA"},"content":{"rendered":"<p>Los pitos de cornetas Hella ofrecen una potencia sonora de 120 decibeles, asegurando una se\u00f1al clara y fuerte para mayor seguridad vial. Est\u00e1n dise\u00f1ados con materiales duraderos para un rendimiento confiable en distintas condiciones. El producto cuenta con 6 meses de garant\u00eda, respaldando su calidad y funcionamiento \u00f3ptimo.<\/p>\n","protected":false},"excerpt":{"rendered":"<p>Dos juegos de cornetas <\/p>\n","protected":false},"featured_media":16100,"comment_status":"closed","ping_status":"closed","template":"","meta":[],"product_brand":[105],"product_cat":[77],"product_tag":[],"class_list":{"0":"post-16156","1":"product","2":"type-product","3":"status-publish","4":"has-post-thumbnail","6":"product_brand-hella","7":"product_cat-cornetas","9":"first","10":"instock","11":"shipping-taxable","12":"purchasable","13":"product-type-simple"},"jetpack_sharing_enabled":true,"_links":{"self":[{"href":"https:\/\/sandovalmotors.com\/index.php?rest_route=\/wp\/v2\/product\/16156","targetHints":{"allow":["GET"]}}],"collection":[{"href":"https:\/\/sandovalmotors.com\/index.php?rest_route=\/wp\/v2\/product"}],"about":[{"href":"https:\/\/sandovalmotors.com\/index.php?rest_route=\/wp\/v2\/types\/product"}],"replies":[{"embeddable":true,"href":"https:\/\/sandovalmotors.com\/index.php?rest_route=%2Fwp%2Fv2%2Fcomments&post=16156"}],"version-history":[{"count":1,"href":"https:\/\/sandovalmotors.com\/index.php?rest_route=\/wp\/v2\/product\/16156\/revisions"}],"predecessor-version":[{"id":16183,"href":"https:\/\/sandovalmotors.com\/index.php?rest_route=\/wp\/v2\/product\/16156\/revisions\/16183"}],"wp:featuredmedia":[{"embeddable":true,"href":"https:\/\/sandovalmotors.com\/index.php?rest_route=\/wp\/v2\/media\/16100"}],"wp:attachment":[{"href":"https:\/\/sandovalmotors.com\/index.php?rest_route=%2Fwp%2Fv2%2Fmedia&parent=16156"}],"wp:term":[{"taxonomy":"product_brand","embeddable":true,"href":"https:\/\/sandovalmotors.com\/index.php?rest_route=%2Fwp%2Fv2%2Fproduct_brand&post=16156"},{"taxonomy":"product_cat","embeddable":true,"href":"https:\/\/sandovalmotors.com\/index.php?rest_route=%2Fwp%2Fv2%2Fproduct_cat&post=16156"},{"taxonomy":"product_tag","embeddable":true,"href":"https:\/\/sandovalmotors.com\/index.php?rest_route=%2Fwp%2Fv2%2Fproduct_tag&post=16156"}],"curies":[{"name":"wp","href":"https:\/\/api.w.org\/{rel}","templated":true}]}}